at are the prime factors of t(-7)?
19, 31
List the prime factors of 1225*1 + (-3 - -3) + 6.
1231
Let p = 645 + 566. What are the prime factors of p?
7, 173
Let o = -16 + 16. Suppose 4*p = -4*u + 192, o*u - 96 = -2*u - 5*p. Let x = u + -29. What are the prime factors of x?
19
Let i = -45 - -37. Let k(z) = z**3 + 7*z**2 - 7*z + 22. What are the prime factors of k(i)?
2, 7
Let t be (1/2)/(3/(-12)). Let c be 4/t - (-3 - -31). What are the prime factors of (9/2)/(c/(-160))?
2, 3
Suppose 2*m = -y - 3, -y - 9 + 4 = 0. Let u(x) = 17*x. List the prime factors of u(m).
17
Suppose 2*i + 2*p - 6*p = -10, -2*i - 3*p = -18. Suppose 0 = m + 2*k + 15, m + 5*k - 30 = i*m. What are the prime factors of 6/m - 364/(-10)?
2, 3
Suppose 0 = 3*d + 3*b - 3, -d - 6*b = -3*b + 3. List the prime factors of (-5726)/(-98) - d/7.
2, 29
Suppose 5*k - 2912 = -2*d, 4*k - 10*d - 2344 = -8*d. What are the prime factors of k?
2, 73
Let u(l) = 7*l + 320. What are the prime factors of u(12)?
2, 101
Suppose -4*n - 8 = 0, -l + 1 = 5*n + 7. Let m be (-3 - (-5 + l)) + 4. Suppose 6*w = m*w + 112. What are the prime factors of w?
2, 7
Suppose 4*n = i + 7929, 3*i + 1903 = n - 71. What are the prime factors of n?
3, 661
Let k(p) = -3*p + 2 - 5*p**2 + 5*p**2 - p**2. Suppose 4*c - 2 = -2*h, 0 = -4*h + 6*c - 4*c - 16. List the prime factors of k(h).
2
Let z = -4652 + 7463. What are the prime factors of z?
3, 937
Suppose 0 = -b - 4*v + 499, 29*v - 24*v - 503 = -b. What are the prime factors of b?
3, 7, 23
Suppose 8 = 4*x - 8. What are the prime factors of 4/1 + (108 - x)?
2, 3
Let j(q) = q - 1. Let p be j(-6). Suppose 2 = -7*b + 9. List the prime factors of (b + (-3)/p)*35.
2, 5
Suppose -3 - 1 = u. Let g = u - -13. What are the prime factors of g/5 - 4/(-20)?
2
Suppose -70*u + 91*u - 9471 = 0. What are the prime factors of u?
11, 41
Let r(p) = p + 40. Suppose -5*u = 3*k + 2*k - 195, -5*u = -2*k - 195. Let b = -39 + u. What are the prime factors of r(b)?
2, 5
Suppose 0 = -3*i - i - 20. Let r(u) = -8*u - 3. List the prime factors of r(i).
37
Let v(b) = -404*b - 172. What are the prime factors of v(-4)?
2, 19
Suppose -2*n + 26 = 2*p, -4*n = -2*p + 4*p - 60. Let b = 14 - n. Let r(z) = 7*z**2 + 4*z + 2. What are the prime factors of r(b)?
53
Suppose -15 = -6*v - 9. What are the prime factors of (5/((-15)/(-501)))/(1/v)?
167
Let m(n) = n**2 - 5*n + 6. Let r be m(6). Let y(g) = -g**2 + 1. Let u be y(1). Suppose -3*l + 123 - r = u. What are the prime factors of l?
37
Suppose -6*n - 2*n = 0. Suppose -7*s + 611 - 170 = n. What are the prime factors of s?
3, 7
Let l(u) = -u**3 + 30*u**2 - 8*u + 14. List the prime factors of l(15).
7, 467
Suppose -6*z + 4931 + 2731 = 0. List the prime factors of z.
1277
Let q = -80 - -133. Let j = q - 2. List the prime factors of j.
3, 17
Let u = -6 - -8. Suppose 6*t - 4*t + 93 = 3*i, u*i - t - 61 = 0. What are the prime factors of i?
29
Suppose -9339 = 18*j - 29*j. What are the prime factors of j?
3, 283
Let l be (-2)/4 + (-15)/(-10). Suppose 8 - l = d. List the prime factors of d.
7
Let w(h) = 13*h**3 + h**2 + 14*h + 10. What are the prime factors of w(5)?
2, 5, 173
Let o(w) = w**2 - 5*w - 3. Let g be o(6). Suppose -183 = -g*u - 0*u. List the prime factors of u.
61
Suppose 0 = z - 2*n - 670, 4*n + 2800 = 5*z - 574. List the prime factors of z.
2, 3, 113
Let m be (-4)/(2/(-1)) + 289 + -1. Let h = -96 + m. What are the prime factors of h?
2, 97
Suppose -3*l - 1214 = -2*x, -31*x = -30*x + 3*l - 625. What are the prime factors of x?
613
Let v = 43 + -25. Let y be v/63 - 376/(-7). Suppose 0 = s - y + 20. List the prime factors of s.
2, 17
Let t be (-4)/1 + 125/5. Suppose -3*d - 24 = -k, -t = 4*k - 2*d - 97. What are the prime factors of k?
2, 3
Let n(p) = 8*p + 119. List the prime factors of n(9).
191
Let c(k) = 9*k**2 + 6*k - 3. Let f be c(-3). Suppose f = 5*j - 2*j. What are the prime factors of j?
2, 5
Let o(f) = 5*f**2 + 3*f + 2. Let s be o(-1). Suppose 4*x - 212 = -3*p, -s*p - 121 = -3*x + 63. List the prime factors of x.
2, 7
Suppose y - 3 = 2. Suppose -13 - y = -2*l. What are the prime factors of l?
3
Let x be (-12)/(-2)*(-30)/(-12). Suppose -6*m + 33 = -x. List the prime factors of m.
2
Suppose -4*m + 3*m = -o + 1755, 2*o + 4*m = 3540. Let y be 4/26 + o/52. Suppose -2*c - 5*f = -10, 19 = 3*c - 2*f - y. What are the prime factors of c?
3, 5
Let u be 2*4/(-2) + 0. Let o be (-16)/(-7) + u/14. List the prime factors of o/1*(-54)/(-12).
3
Let m(a) = -a**3 - 2*a**2 + 23. Let b be m(0). Let o = b - -182. List the prime factors of o.
5, 41
Let w(g) = -9*g - 14. Let k = 13 - 21. What are the prime factors of w(k)?
2, 29
Let o be (2/6)/((-7)/21). Let j = o - -146. List the prime factors of j.
5, 29
Suppose 5*n - 4731 = 3*v, -3*n + 4*v = -0*n - 2832. What are the prime factors of n?
2, 3, 79
Let p(j) = -j**2 - 3*j + 12. Let h be p(-3). Let r(m) = m**2 - 7*m - 18. What are the prime factors of r(h)?
2, 3, 7
Let v = 49 - 46. Let q be (-1 + 0)*1 - -4. Suppose v*h - 5*g - 29 = 5, 4*g - 16 = -q*h. What are the prime factors of h?
2
Suppose -5*k - 2*c + 407 = 0, -4*c + 66 = 2*k - 100. Let h = k - -5. What are the prime factors of h?
2, 43
Suppose 13*y - 2377 - 691 = 0. Let l = y + -79. List the prime factors of l.
157
Suppose -4*p + 0*p + 32 = 0. Let x(f) = -f**2 + 18*f - 11. List the prime factors of x(p).
3, 23
List the prime factors of (-3 - (2 + -2)) + -34 + 347.
2, 5, 31
Let a(v) = 14*v + 1. Let y be a(1). List the prime factors of 44/10 - y/(-25).
5
Suppose -2*u + 1 = -9. Suppose u*l = x - 43, -4*x + 229 = 3*l - 12. List the prime factors of x.
2, 29
Let f = 99 + 12. What are the prime factors of f?
3, 37
Suppose -i - 1 = -2*j + 10, -60 = -5*j - 4*i. Let l(c) = -3*c**2 + 4*c - 2. Let v be l(2). Let d = j + v. What are the prime factors of d?
2
Let t(i) = i + 6. Let g be t(-5). What are the prime factors of ((-74)/8)/(g/(-4))?
37
List the prime factors of ((99/(-2))/33)/((-1)/88).
2, 3, 11
Suppose 3*c - 78 - 1567 = 4*n, 4*c + n = 2225. What are the prime factors of c?
3, 5, 37
Let l = -1253 + 1569. List the prime factors of l.
2, 79
Suppose 0 = 5*h + 2*v - 6, 0 = h - 2*v + 6. Suppose -5*i + 4*y + y + 105 = h, 2*y = -4*i + 54. Let c = 34 - i. List the prime factors of c.
2, 3
Suppose 2*k + 61 - 7 = 0. Let v = k + 23. Let q(g) = -2*g**3 - 4*g**2 + 6*g + 2. List the prime factors of q(v).
2, 3, 7
Let p be 6/(-4) + (-3)/6. Let x = p + 28. List the prime factors of x.
2, 13
Suppose 5*a = 3*a + 2*q + 2, a + 2 = 4*q. Suppose 1254*u - 1255*u = 0. Suppose a*p + p - 45 = u. List the prime factors of p.
3, 5
Let l(w) be the third derivative of -w**6/120 - w**5/5 - w**4/8 + w**3 - 2*w**2. Let z be l(-12). Suppose 5*d - z = 33. List the prime factors of d.
3, 5
Let p be (-481)/(-3) + (-4)/12. Suppose v = -0*v + u + p, -3*v + 4*u = -477. Suppose -5*t = -4*m + v, m - t - 3*t = 27. What are the prime factors of m?
47
Let i be (3/(-9))/((-3)/45). Suppose 2*d - 3*d + i = 0. Suppose -d*t + 174 - 9 = 0. List the prime factors of t.
3, 11
Let g be (-8)/(-12)*18/4. Suppose -g*a = -5*t + 430, -2*a = 4*t + 3*a - 307. List the prime factors of t.
83
Let w = 19 + -15. Let h = w - 13. List the prime factors of (-144)/h - 1*-3.
19
Let l be (-4)/(1 + -5)*0. Let x be (l/(-3) + 4)/(-1). List the prime factors of 42 + 3 + x/(-1).
7
What are the prime factors of 1431 + 14 + -10 + (-16)/(-4)?
1439
Let m(d) = -4 + 10*d**2 + 1 + 5. Let r be m(-3). Let a = r + -56. What are the prime factors of a?
2, 3
Let f(x) = x**2 - 5*x - 15. Let c be ((-2)/1)/(-1) + -10 + 1. List the prime factors of f(c).
3, 23
Suppose 0 = -4*c - 2*f, -2*c + 0*c - 2*f = 0. Suppose 12 = -c*j + 3*j. List the prime factors of 776/28 - j/(-14).
2, 7
Let w be (16 - 1)*(-52)/(-39). Suppose a + w = -2*d + 4*d, a + 26 = 4*d. Let r = a - -18. What are the prime factors of r?
2
Suppose 2*h - p - 22 = 3*p, -3*h + 28 = -p. Let q be (5/2)/((-4)/(-16)). Suppose 4*k + q = h*k. What are the prime factors of k?
2
Let f be (-1)/6 + (-111)/(-18). Let z(j) = 10*j + 21. What are the prime factors of z(f)?
3
Suppose 6*h = h + 10, 18 = -4*y + 3*h. Let n(t) = -2*t - 4. Let a be n(y). Suppose 106 = a*r + 16. What are the prime factors of r?
3, 5
Suppose -2*a + 2*p = -16, -4*a - 3*p + 8*p = -28. Suppose -k - a = -4*k. Suppose 0 = -k*q + q + 69. What are the prime